{"id":48,"date":"2014-05-12T08:48:55","date_gmt":"2014-05-12T06:48:55","guid":{"rendered":"http:\/\/localhost\/wordpress\/?page_id=48"},"modified":"2021-01-30T09:12:30","modified_gmt":"2021-01-30T08:12:30","slug":"casas-rurales-2","status":"publish","type":"page","link":"https:\/\/www.alquilerbenasque.com\/?page_id=48","title":{"rendered":"CASAS RURALES"},"content":{"rendered":"<p style=\"text-align: center;\">En La Caseta de Sastre queremos que sus vacaciones sean de su agrado, por eso ponemos a disposici\u00f3n todos nuestros servicios as\u00ed como nuestros conocimientos de la zona para que pueda realizar las actividades que mas se adapten a usted con un trato familiar. Realice excursiones, paseos a caballo, BTT, treking, esqu\u00ed, alpinismo, barranquismo, rafting y un largo etc\u00e9tera en nuestro bello entorno.<\/p>\n<p style=\"text-align: center;\">Nuestra empresa familiar lleva m\u00e1s de 20 a\u00f1os dedicandose al Turismo Rural.<\/p>\n<p style=\"text-align: center;\">Conozca nuestras casas rurales a trev\u00e9s de los enlaces que se muestran a continuaci\u00f3n. Si tiene cualquier duda o desea m\u00e1s informaci\u00f3n, por favor, no dude en<a href=\"http:\/\/www.alquilerbenasque.com\/?page_id=22\"> contactar con nosotros.<\/a><\/p>\n<h2 style=\"text-align: center;\"><em><strong><a title=\"CASA SELBA DE CONQUES\" href=\"http:\/\/www.alquilerbenasque.com\/?page_id=44\">CASA SELBA DE CONQUES<\/a><\/strong><\/em><\/h2>\n<h2 style=\"text-align: center;\"><em><strong><a title=\"CASA de L\u2019AIG\u00dcETA\" href=\"http:\/\/www.alquilerbenasque.com\/?page_id=46\">CASA DE L&#8217;AIG\u00dcETA <\/a><\/strong><\/em><\/h2>\n<p><center><div id=\"metaslider-id-317\" style=\"max-width: 300px;\" class=\"ml-slider-3-21-0 metaslider metaslider-nivo metaslider-317 ml-slider\">\n    <div id=\"metaslider_container_317\">\n        <div class='slider-wrapper theme-default'><div class='ribbon'><\/div><div id='metaslider_317' class='nivoSlider'><a href=\"http:\/\/www.alquilerbenasque.com\/?page_id=48\" target=\"_self\"><img src=\"https:\/\/www.alquilerbenasque.com\/wp-content\/uploads\/2014\/06\/2014-06-02_17-42-15_o-300x200.jpg\" height=\"200\" width=\"300\" alt=\"\" class=\"slider-317 slide-242\" \/><\/a><a href=\"http:\/\/www.alquilerbenasque.com\/?page_id=48\" target=\"_self\"><img src=\"https:\/\/www.alquilerbenasque.com\/wp-content\/uploads\/2014\/06\/16-300x200.jpg\" height=\"200\" width=\"300\" data-caption=\"Casa 3 Patio exterior\" alt=\"Casa 3 Patio exterior\" class=\"slider-317 slide-306\" \/><\/a><a href=\"http:\/\/www.alquilerbenasque.com\/?page_id=48\" target=\"_self\"><img src=\"https:\/\/www.alquilerbenasque.com\/wp-content\/uploads\/2014\/06\/101-300x200.jpg\" height=\"200\" width=\"300\" data-caption=\"Casa 2 Altillo\" alt=\"Casa 2 Altillo\" class=\"slider-317 slide-286\" \/><\/a><a href=\"http:\/\/www.alquilerbenasque.com\/?page_id=48\" target=\"_self\"><img src=\"https:\/\/www.alquilerbenasque.com\/wp-content\/uploads\/2014\/06\/3-300x200.jpg\" height=\"200\" width=\"300\" data-caption=\"Casa 2 Entrada \" alt=\"Casa 2 Entrada\" class=\"slider-317 slide-279\" \/><\/a><a href=\"http:\/\/www.alquilerbenasque.com\/?page_id=48\" target=\"_self\"><img src=\"https:\/\/www.alquilerbenasque.com\/wp-content\/uploads\/2014\/06\/12-300x200.jpg\" height=\"200\" width=\"300\" data-caption=\"Caseta de Sastre Habitacion 1\" alt=\"Caseta de Sastre Habitacion 1\" class=\"slider-317 slide-271\" \/><\/a><a href=\"http:\/\/www.alquilerbenasque.com\/?page_id=48\" target=\"_self\"><img src=\"https:\/\/www.alquilerbenasque.com\/wp-content\/uploads\/2014\/06\/112-300x200.jpg\" height=\"200\" width=\"300\" data-caption=\"Casa 3 Habitaci&oacute;n 2\" alt=\"Casa 3 Habitaci\u00f3n 2\" class=\"slider-317 slide-301\" \/><\/a><a href=\"http:\/\/www.alquilerbenasque.com\/?page_id=48\" target=\"_self\"><img src=\"https:\/\/www.alquilerbenasque.com\/wp-content\/uploads\/2014\/05\/portada-300x200.jpg\" height=\"200\" width=\"300\" alt=\"\" class=\"slider-317 slide-200\" \/><\/a><a href=\"http:\/\/www.alquilerbenasque.com\/?page_id=48\" target=\"_self\"><img src=\"https:\/\/www.alquilerbenasque.com\/wp-content\/uploads\/2014\/05\/logogande-300x200.png\" height=\"200\" width=\"300\" alt=\"\" class=\"slider-317 slide-181\" \/><\/a><a href=\"http:\/\/www.alquilerbenasque.com\/?page_id=48\" target=\"_self\"><img src=\"https:\/\/www.alquilerbenasque.com\/wp-content\/uploads\/2014\/06\/71-300x200.jpg\" height=\"200\" width=\"300\" data-caption=\"Casa 2 Habitaci&oacute;n 1\" alt=\"Casa 2 Habitaci\u00f3n 1\" class=\"slider-317 slide-283\" \/><\/a><a href=\"http:\/\/www.alquilerbenasque.com\/?page_id=48\" target=\"_self\"><img src=\"https:\/\/www.alquilerbenasque.com\/wp-content\/uploads\/2014\/06\/41-300x200.jpg\" height=\"200\" width=\"300\" data-caption=\"Casa 2 Salon Comedor Cocina\" alt=\"Casa 2 Salon Comedor Cocina\" class=\"slider-317 slide-280\" \/><\/a><\/div><\/div>\n        \n    <\/div>\n<\/div><\/center><\/p>\n","protected":false},"excerpt":{"rendered":"<p>En La Caseta de Sastre queremos que sus vacaciones sean de su agrado, por eso ponemos a disposici\u00f3n todos nuestros servicios as\u00ed como nuestros conocimientos de la zona para que pueda realizar las actividades que mas se adapten a usted con un trato familiar. Realice excursiones, paseos a caballo, BTT, treking, esqu\u00ed, alpinismo, barranquismo, rafting &hellip; <\/p>\n<p class=\"link-more\"><a href=\"https:\/\/www.alquilerbenasque.com\/?page_id=48\" class=\"more-link\">Continuar leyendo<span class=\"screen-reader-text\"> &#8220;CASAS RURALES&#8221;<\/span><\/a><\/p>\n","protected":false},"author":1,"featured_media":0,"parent":0,"menu_order":0,"comment_status":"closed","ping_status":"closed","template":"","meta":[],"_links":{"self":[{"href":"https:\/\/www.alquilerbenasque.com\/index.php?rest_route=\/wp\/v2\/pages\/48"}],"collection":[{"href":"https:\/\/www.alquilerbenasque.com\/index.php?rest_route=\/wp\/v2\/pages"}],"about":[{"href":"https:\/\/www.alquilerbenasque.com\/index.php?rest_route=\/wp\/v2\/types\/page"}],"author":[{"embeddable":true,"href":"https:\/\/www.alquilerbenasque.com\/index.php?rest_route=\/wp\/v2\/users\/1"}],"replies":[{"embeddable":true,"href":"https:\/\/www.alquilerbenasque.com\/index.php?rest_route=%2Fwp%2Fv2%2Fcomments&post=48"}],"version-history":[{"count":16,"href":"https:\/\/www.alquilerbenasque.com\/index.php?rest_route=\/wp\/v2\/pages\/48\/revisions"}],"predecessor-version":[{"id":995,"href":"https:\/\/www.alquilerbenasque.com\/index.php?rest_route=\/wp\/v2\/pages\/48\/revisions\/995"}],"wp:attachment":[{"href":"https:\/\/www.alquilerbenasque.com\/index.php?rest_route=%2Fwp%2Fv2%2Fmedia&parent=48"}],"curies":[{"name":"wp","href":"https:\/\/api.w.org\/{rel}","templated":true}]}}